me?
False
Is 1814894 composite?
True
Is 16226941 composite?
True
Is 7864573 prime?
True
Is 8415793 composite?
False
Is 321625453 a prime number?
True
Is 78047499 composite?
True
Is 12140945 composite?
True
Is 53497267 a prime number?
False
Is 94452073 prime?
True
Is 14665459 a composite number?
False
Is 292816831 prime?
False
Is 16853101 composite?
False
Is 6379201 prime?
True
Is 27087871 a prime number?
True
Is 104775761 a composite number?
False
Is 68009237 composite?
False
Is 182382671 a composite number?
False
Is 192160531 composite?
False
Is 124899581 a prime number?
True
Is 7543409 a prime number?
True
Is 324823 a prime number?
False
Is 3385471 prime?
False
Is 4582577 a composite number?
False
Is 11685143 a composite number?
True
Is 107863433 prime?
False
Is 5129279 prime?
True
Is 132473171 a composite number?
False
Is 1391049287 a prime number?
False
Is 116704571 a composite number?
False
Is 55457 a prime number?
True
Is 3192807 a composite number?
True
Is 9581059 composite?
True
Is 50512157 prime?
False
Is 149459003 composite?
False
Is 8109427 a composite number?
True
Is 30427129 a prime number?
False
Is 49841051 a composite number?
True
Is 42701357 a composite number?
False
Is 27584863 a prime number?
False
Is 3926747 a prime number?
False
Is 21439441 composite?
False
Is 84812177 a prime number?
False
Is 18662771 a prime number?
True
Is 85538559 a prime number?
False
Is 495853 a prime number?
False
Is 10284935 composite?
True
Is 47852383 composite?
False
Is 5531471 a prime number?
False
Is 12001481 prime?
True
Is 201367 composite?
True
Is 24469019 prime?
True
Is 432742001 composite?
False
Is 22867073 composite?
True
Is 39127 composite?
True
Is 1586147 a composite number?
False
Is 77997371 a prime number?
True
Is 7513391 prime?
True
Is 1796299 a prime number?
False
Is 24981707 prime?
True
Is 17488279 prime?
False
Is 2581021 composite?
True
Is 75908659 a prime number?
True
Is 206853499 composite?
False
Is 23940991 composite?
False
Is 278191 prime?
True
Is 64124819 a prime number?
False
Is 51463 prime?
False
Is 140521 a prime number?
True
Is 104358929 prime?
True
Is 4823551 a composite number?
True
Is 181085029 a composite number?
True
Is 291034553 composite?
False
Is 26347987 a composite number?
False
Is 1698349 a composite number?
False
Is 23778299 composite?
True
Is 3893849 a composite number?
False
Is 516886841 a prime number?
False
Is 2789849 a composite number?
False
Is 6501889 a composite number?
False
Is 332309821 composite?
False
Is 1702681 composite?
True
Is 2949449 a composite number?
True
Is 368183713 a prime number?
True
Is 9853967 prime?
True
Is 42732101 a composite number?
True
Is 14856247 prime?
False
Is 46858913 a prime number?
True
Is 67979 a composite number?
False
Is 754067681 composite?
False
Is 114119861 prime?
False
Is 40913341 a prime number?
False
Is 30120359 a composite number?
True
Is 28805267 a prime number?
True
Is 14135189 prime?
True
Is 468935 a prime number?
False
Is 276271 a prime number?
False
Is 4121659 a prime number?
False
Is 43101343 a prime number?
True
Is 644405299 a composite number?
False
Is 20372837 a prime number?
True
Is 5331773 a composite number?
False
Is 4363829 a composite number?
False
Is 2355551 a prime number?
False
Is 2537761 a prime number?
False
Is 4565471 prime?
True
Is 443906921 composite?
True
Is 4289683 composite?
False
Is 8056159 a composite number?
True
Is 58883837 prime?
False
Is 1359331 composite?
True
Is 2123662 a prime number?
False
Is 32957207 prime?
True
Is 185355677 composite?
True
Is 28593197 a prime number?
True
Is 6287009 a prime number?
True
Is 168725099 prime?
False
Is 581657 a prime number?
True
Is 77737391 prime?
False
Is 5719481 composite?
False
Is 818549 a composite number?
True
Is 12719429 a composite number?
True
Is 2996239 composite?
True
Is 5273017 a composite number?
True
Is 252277 composite?
False
Is 27127517 composite?
False
Is 17115727 a composite number?
False
Is 370956851 a prime number?
True
Is 1177259 prime?
False
Is 638149 a prime number?
False
Is 465998117 a prime number?
False
Is 7736461 a composite number?
False
Is 990865 a prime number?
False
Is 730856863 composite?
True
Is 201329 a prime number?
True
Is 177990961 prime?
True
Is 1369651 a prime number?
True
Is 19695239 composite?
True
Is 4823765 a composite number?
True
Is 681651655 composite?
True
Is 31063 a prime number?
True
Is 120652391 a composite number?
False
Is 151637243 a prime number?
True
Is 385646329 a prime number?
False
Is 11262682 a composite number?
True
Is 23550529 prime?
True
Is 117633907 a composite number?
False
Is 48157969 composite?
True
Is 26694469 a prime number?
False
Is 1320779 a composite number?
True
Is 1007651911 prime?
False
Is 4308014 composite?
True
Is 2090191 prime?
True
Is 4801309 a prime number?
True
Is 13366453 composite?
True
Is 104980409 a prime number?
True
Is 35388233 prime?
True
Is 12175297 composite?
False
Is 266693411 composite?
False
Is 67847911 a prime number?
False
Is 170632261 a prime number?
False
Is 178559021 composite?
True
Is 15301253 composite?
True
Is 1802618 a prime number?
False
Is 1087013 composite?
True
Is 75722671 prime?
False
Is 13647083 composite?
False
Is 269601 a composite number?
True
Is 20340139 a prime number?
False
Is 83632261 a composite number?
False
Is 215247919 a composite number?
False
Is 10030795 a prime number?
False
Is 272969057 a prime number?
False
Is 25269415 a composite number?
True
Is 91264871 prime?
True
Is 16645627 prime?
True
Is 3906431 a prime number?
True
Is 242861 a prime number?
False
Is 113237471 a prime number?
True
Is 102286003 a composite number?
False
Is 141870383 a composite number?
False
Is 3452419 prime?
False
Is 39321757 prime?
True
Is 3287309 composite?
False
Is 251921 a prime number?
False
Is 122491379 a prime number?
True
Is 9050637 prime?
False
Is 4276159 prime?
False
Is 4043089 prime?
False
Is 77479477 a prime number?
False
Is 50611217 prime?
True
Is 41426373 a composite number?
True
Is 51976499 a composite number?
True
Is 634505683 composite?
True
Is 153215219 composite?
False
Is 55287673 prime?
False
Is 358414139 a prime number?
True
Is 38767561 a composite number?
True
Is 17154149 prime?
True
Is 334618039 a prime number?
False
Is 3133951 prime?
False
Is 44724359 composite?
False
Is 5237837 a composite number?
True
Is 14660027 composite?
False
Is 148184609 composite?
True
Is 40042 prime?
False
Is 1429367 a prime number?
True
Is 17336621 composite?
True
Is 24620397 composite?
True
Is 17947382 a prime number?
False
Is 336859459 composite?
False
Is 15998909 composite?
False
Is 5982673 composite?
True
Is 184588949 a prime number?
True
Is 7812829 composite?
False
Is 88183271 a prime number?
False
Is 71265517 a composite number?
False
Is 1278599 a composite number?
True
Is 5107521 prime?
False
Is 700627 prime?
True
Is 690143453 a prime number?
False
Is 13582961 prime?
False
Is 2980157 composite?
False
Is 14036297 composite?
True
Is 47753243 a composite number?
True
Is 102745847 a composite number?
False
Is 87752167 a prime number?
False
Is 3382021 composite?
True
Is 2569501 a composite number?
True
Is 38590813 composite?
True
Is 292403017 a prime number?
False
Is 13545503 prime?
True
Is 26741423 composite?
True
Is 12708457 composite?
False
Is 1606951 a prime number?
True
Is 28404409 a prime number?
False
Is 10399421 prime?
False
Is 76237921 a prime number?
True
Is 10172989 composite?
True
Is 28622047 composite?
True
Is 196502953 a prime number?
False
Is 118598717 prime?
True
Is 223805937 a composite number?
True
Is 178064401 a composite number?
False
Is 69752051 a composite number?
False
Is 2556591 a composite number?
True
Is 3467999 composite?
False
Is 41858837 composite?
False
Is 31931617 a prime number?
True
Is 3688879 composite?
True
Is 275379743 prime?
True
Is 27611 a composite number?
False
Is 28947941 composite?
True
Is 83375221 composite?
False
Is 88193299 a composite number?
False
Is 3330673 composite?
True
Is 625703 prime?
False
Is 84177559 composite?
False
Is 622873 a prime number?
False
Is 20092817 a prime number?
True
Is 190740721 a composite number?
True
Is 350056897 composite?
False
Is 253582367 a prime number?
True
Is 141177787 composite?
False
Is 2692709 a composite number?
False